 - 7*i, -4*o + 290 = i. What is the tens digit of o?
7
Suppose -7749 = 18*y - 45*y. What is the hundreds digit of y?
2
Let g = -9 + 38. Suppose 0 = -10*s + 11 + g. What is the units digit of s?
4
Suppose 2*d + 5*j - 466 = 0, -8*d = -4*d - j - 910. Suppose -5*p = -p - d. What is the units digit of (-4)/((-48)/p)*12?
7
Let u(d) = -d**3 + 8*d**2 - 5*d + 20. What is the units digit of u(6)?
2
Let i = -235 - -239. Let f(r) = -r**2 + 6*r - 4. Let b be f(4). What is the tens digit of -40*(3 - b) - i?
3
Suppose -3*x + 18330 = 12*x. What is the hundreds digit of x?
2
Let q(k) = -k**2 - 9*k - 8. Let n = 25 - 31. What is the units digit of q(n)?
0
What is the hundreds digit of (-24588)/(-45)*(-1)/(12/(-30))?
3
Suppose 4*d + 0 = 4. Let s be -4 + (-1)/(d/(-4)). What is the units digit of 28 + (s - 6/(-3))?
0
Suppose -2*a - 3*q = -q + 23416, -2*a - 5*q - 23410 = 0. Let j be a/(-45) - (-2)/(-9). Suppose 3*i = 8*i - j. What is the tens digit of i?
5
Suppose -5*m = t - 5, -2*t - 2*t - 3*m + 37 = 0. Suppose t = -c + 24. What is the tens digit of 804/c + (-20)/(-35)?
5
Let g = 6 - 6. Suppose -2*o + 272 = -2*v + 6*v, 5*o + 4*v - 686 = g. What is the units digit of o?
8
Suppose y = -2*y + 2439. What is the units digit of 5/20 - y/(-12)?
8
Let f = 64 - 36. What is the units digit of -2 + (-1552)/(-18) + f/(-126)?
4
Let b(l) = -5*l + 16. Let s be b(3). What is the tens digit of ((-644)/(-35))/(s/5)?
9
Suppose -5*d + 35 = 2*c, 5*d - 4*c - 25 - 40 = 0. Suppose -5*n + 359 = d. What is the tens digit of n?
7
Let i(k) = 3*k**2 - k + 34. What is the units digit of i(6)?
6
Suppose 4*u - 2*i = 2190, 2*i + 3290 = 5*u + 551. What is the units digit of u?
9
Let c(a) = a**3 + 9*a**2 + 9*a + 12. Let p be c(-8). What is the hundreds digit of (38/p)/((-12)/(-192))?
1
Let l(z) = 11 - 6*z**3 + 7*z**2 + 10*z**2 + 26*z + 5*z**3. What is the hundreds digit of l(18)?
1
Let r = 1 + -1. Let z = 70 - 62. Suppose r = -i + 17 + z. What is the tens digit of i?
2
Let z(f) be the third derivative of 17*f**4/8 + f**3/2 + 41*f**2. What is the units digit of z(2)?
5
Let q = -1815 + 2759. What is the units digit of q?
4
Let m = -154 + 78. Let s = m - -187. What is the tens digit of s?
1
Let o be (-2)/(-10) + (-2)/10. Let p(j) = 4*j**2 + j + 15. Let h(d) = 5*d**2 + d + 14. Let k(r) = -5*h(r) + 6*p(r). What is the units digit of k(o)?
0
Suppose 0 = -5*o + 5*u + 4365, -4371 = -5*o + 9*u - 6*u. What is the tens digit of o?
7
Let q(z) = -3*z - 22. Let c be 3 + (-18)/3 + 3. Let j be q(c). Let d = j + 33. What is the units digit of d?
1
Let y = -1590 - -1908. What is the hundreds digit of y?
3
Let t(m) = m**2 + 2*m**2 + m**3 + 15*m - 13*m - 6*m**2 + 2. What is the units digit of t(2)?
2
What is the units digit of (10 - 44/(-8))/((-1)/(-6))?
3
Let h = -5 + 2. Let a(f) be the third derivative of -f**4/12 - f**3/6 + 16*f**2. What is the units digit of a(h)?
5
Let c = -585 + 1074. What is the tens digit of c?
8
What is the hundreds digit of ((-27)/12)/(18/24) - -404?
4
Suppose -2*l = -5*t + 83, -3*l + 13 = -t + 27. What is the tens digit of t?
1
Let g(h) = -3*h**2 - 12*h - 24. Let i be g(-8). Let s = 139 + i. What is the units digit of s?
9
Let h(i) = 5*i**2 + 6. Let c(s) = 8*s**2 + s - 22*s**2 - 25 + 7. Let t(b) = -3*c(b) - 8*h(b). What is the tens digit of t(4)?
2
Let i(l) = -3*l + 45. What is the tens digit of i(0)?
4
What is the units digit of ((-8)/28)/((-7)/84819)?
2
Suppose 76*n - 3941 = 33223. What is the hundreds digit of n?
4
Let h(l) = 68*l**3 - l**2 + 2*l - 2. Let y be h(1). Let q = y - 24. What is the tens digit of q?
4
Let b(p) = p**2 + 2*p + 67. What is the units digit of b(-15)?
2
Let c(m) = -m**2 + 11*m + 8. Let k be c(11). Let o be 64/2 - k/(-2). Suppose -9 - o = -5*d. What is the units digit of d?
9
Suppose 3400 + 2824 = 8*x. What is the units digit of x?
8
Suppose -5*q = 2*g - 142, 289 = 5*g - 8*q + 4*q. Let p = g + -32. What is the units digit of p?
9
Let w(r) = 23*r**2 + 3*r - 13. What is the tens digit of w(-6)?
9
Suppose d = 1 + 1. Let z be -2*((-36)/8 + d). Suppose -4 = -a + x, 5*a = a + z*x + 19. What is the units digit of a?
1
Suppose 6 - 2 = -2*p, -2*i + 3*p = 26. What is the units digit of 61/((-2)/4*8/i)?
4
Let w = -29 - -32. Let r be (-11 + 2)/(1 + -2). Suppose w*t + 102 = r*t. What is the tens digit of t?
1
Suppose -268*w + 283*w = 16650. What is the hundreds digit of w?
1
Let p be (-108)/(-15) - 2/10. Let a(b) = 3*b**2 - 9*b + 3. What is the tens digit of a(p)?
8
Suppose 3*b - 5*g - 2297 = 0, 2*g - 2261 = -3*b - 2*g. What is the tens digit of b?
5
Suppose -1242*n + 1245*n = 12. What is the units digit of n?
4
Let v(n) = -n**2 + 7*n - 4. Let o be v(5). Let h = -29 + 17. Let d = o - h. What is the tens digit of d?
1
Let p(q) = -7*q - 2. Let h be p(1). Let i = 12 + h. Suppose i*k - 67 = -2*b, 4*k + 0*k = -2*b + 86. What is the tens digit of k?
1
Let n(m) = -20*m**2 - 2*m + 7. Let p be n(-3). Let w = -107 - p. What is the units digit of w?
0
Let w = 408 + 74. Let u = w + -310. What is the units digit of u?
2
Let y(h) = -h - 5. Let f be y(-12). Let z = f - -9. What is the units digit of z/4 + (-2 - -38)?
0
Let d(a) = -a**2 - a - 1. Let t be d(-5). What is the units digit of 1*62 + 63/t?
9
What is the units digit of (6 + (-14220)/48)/(1/(-4))?
1
Let v(j) = -117*j + 1. Let f(c) = c**3 - 5*c**2 + 4*c - 1. Let o be f(4). What is the tens digit of v(o)?
1
Let o(s) = 20*s + 25. What is the tens digit of o(18)?
8
Let r(f) = 2*f**3 - 16*f**2 - 47*f - 15. What is the units digit of r(13)?
4
Let x = 592 + -195. What is the units digit of x?
7
Let a = 24 + -24. Suppose 9*r - 9 - 63 = a. What is the units digit of r?
8
Let g(r) = -r**3 - 7*r**2 + 3*r - 8. Let x be g(-8). Suppose x = 5*p + 3*l, -24 = -4*l - 8. What is the units digit of (p/6)/((-2)/(-60))?
0
Suppose 104313 - 17369 = 22*w. What is the units digit of w?
2
Suppose -3*t + 501 + 759 = 0. What is the units digit of t?
0
Suppose 0 = -5*y + 2 + 18. Suppose -2*o - 2*m = -m - 21, 2*o + y*m - 12 = 0. What is the tens digit of (-1 - o)*8/(-2)?
5
Let l be (-1*26)/((-2)/(-2)). Let n = -28 - l. What is the units digit of (n - -22)*(3 + -2)?
0
Let k(f) = -3*f - 3. Let r be k(-5). Let m be (-6)/r*(-45 + -1). Let j = m + -12. What is the units digit of j?
1
Let x(i) = 3*i**2 - 13*i + 73. What is the units digit of x(12)?
9
Let g(k) = 270*k**2 - 8*k - 38. What is the thousands digit of g(4)?
4
Let d(b) = -2*b**2 - 4*b + 1. Let u be d(7). Let s = 176 + u. What is the tens digit of s?
5
Let o(w) = 2*w**2 - 2*w - 1. Let d be o(-1). Suppose -20 = d*l + 73. Let k = 54 + l. What is the tens digit of k?
2
Let w(b) = -35*b + 53. What is the units digit of w(-7)?
8
Let m(i) = -i**3 - 2*i**2 + 2*i - 1. Let h be m(-3). Let b be 85 - (-5 - (h + -4)). What is the units digit of (-1)/(4/(-1*b))?
2
Let y be (6/4)/(5/10). Suppose -20 = y*c - 7*c. Suppose 6*q + 5*u = 4*q + 93, -c*q + 2*u = -276. What is the units digit of q?
4
Suppose 2*q + 3*g - 279 = -0*g, 393 = 3*q - 4*g. Let j = 212 - q. What is the units digit of j?
7
Suppose -3*i + 2*g = -38, 5*g + 0*g = -3*i + 10. Suppose -i*z + 420 = -90. What is the tens digit of z?
5
Suppose -4*d - 2*h = -3*d - 123, 5*d + h - 633 = 0. Suppose 3*n - 326 = 4*o + 19, 0 = 3*o - n + 255. Let v = d + o. What is the units digit of v?
3
Suppose 0 = -f - 0*f + 2. Suppose -v + 3*z = 7, 0 = -3*v - v + f*z + 12. Suppose -3*i - v*a + 11 + 39 = 0, -i - 4*a = -26. What is the units digit of i?
0
Suppose -9*t + 174 = -7*t. Let d be 227 - (-2)/((-8)/(-4)). Suppose 2*r - t = k - 0*k, 0 = -5*r - k + d. What is the tens digit of r?
4
Let f = 36 - 34. What is the hundreds digit of (-18160)/(-120) - f*(-1)/3?
1
What is the tens digit of 1 + 765 - (0 - -1)?
6
Let z be -1*-9*1/(-3). What is the tens digit of 2 + -1 + 66 + z?
6
Let o(w) = -w**3 - 40*w**2 + 77*w - 56. What is the hundreds digit of o(-42)?
2
Let o(l) = -l**2 - 2*l + 6. Let p be o(0). Let z = -6 + p. Suppose 3*t = -0*r - 4*r + 41, -4*r - 4 = z. What is the units digit of t?
5
Suppose -3*s = 7 - 43. What is the units digit of -1 + (1/4 - (-81)/s)?
6
Let g(x) = 3*x + 83. What is the units digit of g(28)?
7
Suppose -3*o + 16 = -2*h, 0*o + 3*o + 2*h = -4. Let f be (-2)/3*(-4 - o). Suppose -2*m - 2*w = 2*w - 54, -f*w = -4*m + 132. What is the units digit of m?
1
Let h(q) = -89*q -